{"id":274,"date":"2025-09-25T13:52:36","date_gmt":"2025-09-25T13:52:36","guid":{"rendered":"https:\/\/chiaravalentin.ovh\/?post_type=product&#038;p=274"},"modified":"2025-09-25T13:52:36","modified_gmt":"2025-09-25T13:52:36","slug":"netflix-et-clause-666","status":"publish","type":"product","link":"https:\/\/chiaravalentin.ovh\/index.php\/produit\/netflix-et-clause-666\/","title":{"rendered":"Netflix et Clause 666"},"content":{"rendered":"<p data-oe-version=\"1.1\">Un clic. Un contrat. Une clause. Une \u00e9ternit\u00e9 en enfer.<\/p>\n<p>Doriane voulait juste regarder Netflix&#8230; pas \u00e9pouser un d\u00e9mon. Pourtant, une validation imprudente la lie \u00e0 Dante, un Seigneur des Enfers aussi s\u00e9duisant qu\u2019insupportable.<\/p>\n<p>Mari\u00e9e contre son gr\u00e9. Pi\u00e9g\u00e9e en enfer avec un diable qui adore jouer.<\/p>\n<p>Fuir ? Impossible. R\u00e9sister ? Risqu\u00e9. Et si, au final, le v\u00e9ritable danger n\u2019\u00e9tait pas ce pacte&#8230; mais l\u2019attraction infernale qui la consume ?<\/p>\n<p>Un jeu dangereux commence. Qui c\u00e9dera en premier ?<\/p>\n","protected":false},"excerpt":{"rendered":"<p>Un clic. Un contrat. Une clause. Une \u00e9ternit\u00e9 en enfer. Doriane voulait juste regarder Netflix&#8230; pas \u00e9pouser un d\u00e9mon. Pourtant, une validation imprudente la lie \u00e0 Dante, un Seigneur des Enfers aussi s\u00e9duisant qu\u2019insupportable. Mari\u00e9e contre son gr\u00e9. Pi\u00e9g\u00e9e en enfer avec un diable qui adore jouer. Fuir ? Impossible. R\u00e9sister ? Risqu\u00e9. Et si, [&hellip;]<\/p>\n","protected":false},"featured_media":275,"comment_status":"open","ping_status":"closed","template":"","meta":{"saved_in_kubio":false},"product_brand":[],"product_cat":[35],"product_tag":[47,45,37,39,36],"class_list":{"0":"post-274","1":"product","2":"type-product","3":"status-publish","4":"has-post-thumbnail","6":"product_cat-urban-fantaisy","7":"product_tag-demons","8":"product_tag-erotique","9":"product_tag-magie","10":"product_tag-thriller-psychologique","11":"product_tag-urban-fantaisy","13":"first","14":"instock","15":"taxable","16":"shipping-taxable","17":"purchasable","18":"product-type-simple"},"jetpack_sharing_enabled":true,"_links":{"self":[{"href":"https:\/\/chiaravalentin.ovh\/index.php\/wp-json\/wp\/v2\/product\/274","targetHints":{"allow":["GET"]}}],"collection":[{"href":"https:\/\/chiaravalentin.ovh\/index.php\/wp-json\/wp\/v2\/product"}],"about":[{"href":"https:\/\/chiaravalentin.ovh\/index.php\/wp-json\/wp\/v2\/types\/product"}],"replies":[{"embeddable":true,"href":"https:\/\/chiaravalentin.ovh\/index.php\/wp-json\/wp\/v2\/comments?post=274"}],"wp:featuredmedia":[{"embeddable":true,"href":"https:\/\/chiaravalentin.ovh\/index.php\/wp-json\/wp\/v2\/media\/275"}],"wp:attachment":[{"href":"https:\/\/chiaravalentin.ovh\/index.php\/wp-json\/wp\/v2\/media?parent=274"}],"wp:term":[{"taxonomy":"product_brand","embeddable":true,"href":"https:\/\/chiaravalentin.ovh\/index.php\/wp-json\/wp\/v2\/product_brand?post=274"},{"taxonomy":"product_cat","embeddable":true,"href":"https:\/\/chiaravalentin.ovh\/index.php\/wp-json\/wp\/v2\/product_cat?post=274"},{"taxonomy":"product_tag","embeddable":true,"href":"https:\/\/chiaravalentin.ovh\/index.php\/wp-json\/wp\/v2\/product_tag?post=274"}],"curies":[{"name":"wp","href":"https:\/\/api.w.org\/{rel}","templated":true}]}}