{"id":278,"date":"2025-09-25T14:11:16","date_gmt":"2025-09-25T14:11:16","guid":{"rendered":"https:\/\/chiaravalentin.ovh\/?post_type=product&#038;p=278"},"modified":"2025-11-10T09:42:29","modified_gmt":"2025-11-10T09:42:29","slug":"entree-des-artistes","status":"publish","type":"product","link":"https:\/\/chiaravalentin.ovh\/index.php\/produit\/entree-des-artistes\/","title":{"rendered":"Entr\u00e9e des Artistes"},"content":{"rendered":"<p data-oe-version=\"1.2\">Dans le monde de la musique, certains r\u00eavent de projecteurs.<\/p>\n<p>Olympia, elle, pr\u00e9f\u00e8re les portes d\u00e9rob\u00e9es.<\/p>\n<p>Pour enregistrer ses covers, elle passe par \u00ab l\u2019Entr\u00e9e des Artistes \u00bb \u2014 un surnom un peu moqueur, mais qui lui va bien.<\/p>\n<p>Loin des paillettes, loin des \u00e9gos, elle se consacre enti\u00e8rement \u00e0 sa passion, discr\u00e8te mais d\u00e9termin\u00e9e.<\/p>\n<p>Pas de buzz, pas de r\u00e9seaux sociaux, pas de plan de carri\u00e8re.<\/p>\n<p>Juste sa voix. Sa musique. Et l\u2019envie de rester dans l\u2019ombre.<\/p>\n<p>Mais le talent, le vrai, finit toujours par attirer l\u2019attention.<\/p>\n<p>Et parfois, il suffit d\u2019un regard, d\u2019une rencontre\u2026 pour que tout bascule.<\/p>\n<p>Olympia n\u2019avait rien vu venir.<\/p>\n<p>Surtout pas\u00a0<em>lui<\/em>.<\/p>\n<p>&nbsp;<\/p>\n<p>&nbsp;<\/p>\n<p><em data-start=\"314\" data-end=\"335\">Entr\u00e9e des artistes<\/em> a d\u00e9j\u00e0 conquis des centaines de lectrices\u2026 et si c\u2019\u00e9tait \u00e0 votre tour de tomber sous son charme ?<\/p>\n","protected":false},"excerpt":{"rendered":"<p>Dans le monde de la musique, certains r\u00eavent de projecteurs. Olympia, elle, pr\u00e9f\u00e8re les portes d\u00e9rob\u00e9es. Pour enregistrer ses covers, elle passe par \u00ab l\u2019Entr\u00e9e des Artistes \u00bb \u2014 un surnom un peu moqueur, mais qui lui va bien. Loin des paillettes, loin des \u00e9gos, elle se consacre enti\u00e8rement \u00e0 sa passion, discr\u00e8te mais d\u00e9termin\u00e9e. [&hellip;]<\/p>\n","protected":false},"featured_media":279,"comment_status":"open","ping_status":"closed","template":"","meta":{"saved_in_kubio":false},"product_brand":[],"product_cat":[40],"product_tag":[54,49,55,53],"class_list":{"0":"post-278","1":"product","2":"type-product","3":"status-publish","4":"has-post-thumbnail","6":"product_cat-romance","7":"product_tag-musique","8":"product_tag-ombres-du-passe","9":"product_tag-rock","10":"product_tag-romance","12":"first","13":"instock","14":"taxable","15":"shipping-taxable","16":"purchasable","17":"product-type-simple"},"jetpack_sharing_enabled":true,"_links":{"self":[{"href":"https:\/\/chiaravalentin.ovh\/index.php\/wp-json\/wp\/v2\/product\/278","targetHints":{"allow":["GET"]}}],"collection":[{"href":"https:\/\/chiaravalentin.ovh\/index.php\/wp-json\/wp\/v2\/product"}],"about":[{"href":"https:\/\/chiaravalentin.ovh\/index.php\/wp-json\/wp\/v2\/types\/product"}],"replies":[{"embeddable":true,"href":"https:\/\/chiaravalentin.ovh\/index.php\/wp-json\/wp\/v2\/comments?post=278"}],"wp:featuredmedia":[{"embeddable":true,"href":"https:\/\/chiaravalentin.ovh\/index.php\/wp-json\/wp\/v2\/media\/279"}],"wp:attachment":[{"href":"https:\/\/chiaravalentin.ovh\/index.php\/wp-json\/wp\/v2\/media?parent=278"}],"wp:term":[{"taxonomy":"product_brand","embeddable":true,"href":"https:\/\/chiaravalentin.ovh\/index.php\/wp-json\/wp\/v2\/product_brand?post=278"},{"taxonomy":"product_cat","embeddable":true,"href":"https:\/\/chiaravalentin.ovh\/index.php\/wp-json\/wp\/v2\/product_cat?post=278"},{"taxonomy":"product_tag","embeddable":true,"href":"https:\/\/chiaravalentin.ovh\/index.php\/wp-json\/wp\/v2\/product_tag?post=278"}],"curies":[{"name":"wp","href":"https:\/\/api.w.org\/{rel}","templated":true}]}}