{"id":316,"date":"2025-12-01T10:04:54","date_gmt":"2025-12-01T10:04:54","guid":{"rendered":"https:\/\/chiaravalentin.ovh\/?post_type=product&#038;p=316"},"modified":"2025-12-01T20:28:47","modified_gmt":"2025-12-01T20:28:47","slug":"in-the-shadows-cafe-grenadine-2","status":"publish","type":"product","link":"https:\/\/chiaravalentin.ovh\/index.php\/produit\/in-the-shadows-cafe-grenadine-2\/","title":{"rendered":"In the Shadows &#8211; Caf\u00e9 Grenadine 2"},"content":{"rendered":"<p><em><strong>Caf\u00e9 Grenadine 2<\/strong><\/em><\/p>\n<p>Rien ne va plus entre Rosa et Lo\u00efc.<\/p>\n<p>Alors qu&rsquo;elle tente de se reconstruire avec William, son pass\u00e9 refait surface, mena\u00e7ant son \u00e9quilibre et sa vie.<\/p>\n<p>Pour \u00e9chapper au danger, elle se r\u00e9fugie au Texas chez sa meilleure amie Zo\u00e9, d\u00e9sormais \u00e0 la t\u00eate d&rsquo;un magazine \u00e0 succ\u00e8s.<\/p>\n<p>Cette derni\u00e8re lui confie une mission de la plus haute importance : interviewer le c\u00e9l\u00e8bre et charismatique \u00ab\u00a0Pop\u00a0\u00bb du duo l\u00e9gendaire LolyPop.<\/p>\n<p>Mais aux c\u00f4t\u00e9s de Peter Powell, la star qu&rsquo;elle doit interviewer, se tient \u00ab\u00a0Lol\u00a0\u00bb, son insaisissable associ\u00e9&#8230; un homme qu&rsquo;elle ne pensait jamais revoir.<\/p>\n<p>Son pass\u00e9 la rattrape, et cette rencontre pourrait tout changer.<\/p>\n","protected":false},"excerpt":{"rendered":"<p>Quand Rosa accepte d\u2019interviewer un artiste internationale, elle ignore que son propre pass\u00e9 attend dans l\u2019ombre, pr\u00eat \u00e0 la briser \u2014 ou \u00e0 la sauver.<\/p>\n","protected":false},"featured_media":317,"comment_status":"open","ping_status":"closed","template":"","meta":{"saved_in_kubio":false},"product_brand":[],"product_cat":[76,48,70],"product_tag":[57,49,53,51,58],"class_list":{"0":"post-316","1":"product","2":"type-product","3":"status-publish","4":"has-post-thumbnail","6":"product_cat-cafe-grenadine","7":"product_cat-romance-sombre","8":"product_cat-saga","9":"product_tag-drame","10":"product_tag-ombres-du-passe","11":"product_tag-romance","12":"product_tag-romance-sombre","13":"product_tag-vengeance","15":"first","16":"instock","17":"taxable","18":"shipping-taxable","19":"purchasable","20":"product-type-simple"},"jetpack_sharing_enabled":true,"_links":{"self":[{"href":"https:\/\/chiaravalentin.ovh\/index.php\/wp-json\/wp\/v2\/product\/316","targetHints":{"allow":["GET"]}}],"collection":[{"href":"https:\/\/chiaravalentin.ovh\/index.php\/wp-json\/wp\/v2\/product"}],"about":[{"href":"https:\/\/chiaravalentin.ovh\/index.php\/wp-json\/wp\/v2\/types\/product"}],"replies":[{"embeddable":true,"href":"https:\/\/chiaravalentin.ovh\/index.php\/wp-json\/wp\/v2\/comments?post=316"}],"wp:featuredmedia":[{"embeddable":true,"href":"https:\/\/chiaravalentin.ovh\/index.php\/wp-json\/wp\/v2\/media\/317"}],"wp:attachment":[{"href":"https:\/\/chiaravalentin.ovh\/index.php\/wp-json\/wp\/v2\/media?parent=316"}],"wp:term":[{"taxonomy":"product_brand","embeddable":true,"href":"https:\/\/chiaravalentin.ovh\/index.php\/wp-json\/wp\/v2\/product_brand?post=316"},{"taxonomy":"product_cat","embeddable":true,"href":"https:\/\/chiaravalentin.ovh\/index.php\/wp-json\/wp\/v2\/product_cat?post=316"},{"taxonomy":"product_tag","embeddable":true,"href":"https:\/\/chiaravalentin.ovh\/index.php\/wp-json\/wp\/v2\/product_tag?post=316"}],"curies":[{"name":"wp","href":"https:\/\/api.w.org\/{rel}","templated":true}]}}