{"id":338,"date":"2025-12-01T16:01:51","date_gmt":"2025-12-01T16:01:51","guid":{"rendered":"https:\/\/chiaravalentin.ovh\/?post_type=product&#038;p=338"},"modified":"2025-12-01T20:28:16","modified_gmt":"2025-12-01T20:28:16","slug":"rouge-sang-the-steel-lord-vol-2","status":"publish","type":"product","link":"https:\/\/chiaravalentin.ovh\/index.php\/produit\/rouge-sang-the-steel-lord-vol-2\/","title":{"rendered":"Rouge Sang &#8211; The Steel Lord vol.2"},"content":{"rendered":"<p><strong><em>The Steel Lord<\/em><\/strong><\/p>\n<p>Ni piti\u00e9, ni pardon&#8230;<\/p>\n<p>Smok&rsquo; est un enforcer, un mec cruel.\u00a0Sa r\u00e9putation n&rsquo;est plus \u00e0 faire dans son milieu.<\/p>\n<p>\u00ab\u00a0<em>Implacable et sanguinaire<\/em>\u00a0\u00bb reconnaissent volontiers ses fr\u00e8res, \u00ab\u00a0diabolique et impitoyable\u00a0\u00bb d\u00e9clarent ses ennemis.<\/p>\n<p>Homme taciturne et secret, il a appris \u00e0 cacher ses sentiments aux yeux des autres.\u00a0Pourtant la trahison d&rsquo;Ilona va faire craquer son armure blind\u00e9e.<\/p>\n<p>Sauf qu&rsquo;une souffrance n&rsquo;arrive jamais seule, des secrets bien enfouis referont surfaces et comme dans un jeu de cartes, Smok verra sa vie s&rsquo;\u00e9crouler.<\/p>\n<p>Saura-t-il se relever&#8230; seul ?<\/p>\n","protected":false},"excerpt":{"rendered":"<p><strong data-start=\"102\" data-end=\"170\">Il est la menace qu\u2019on d\u00e9sire. Le danger qu\u2019on voudrait toucher.<\/strong><br data-start=\"170\" data-end=\"173\" \/>Smok\u2019, enforcer aussi implacable que sulfureux, r\u00e8gne par la peur et par le sang. Mais la trahison d\u2019Ilona ravive en lui un feu qu\u2019il croyait d\u00e9finitivement \u00e9teint.<br data-start=\"337\" data-end=\"340\" \/>Quand les secrets \u00e9clatent et que les masques tombent, le corps parle autant que la violence.<br data-start=\"433\" data-end=\"436\" data-is-only-node=\"\" \/>Entre passion brutale, tentation interdite et blessures \u00e0 vif, ce tome r\u00e9v\u00e8le un homme bris\u00e9\u2026 qui pourrait bien br\u00fbler tout ce qu\u2019il aime pour survivre.<\/p>\n","protected":false},"featured_media":339,"comment_status":"open","ping_status":"closed","template":"","meta":{"saved_in_kubio":false},"product_brand":[],"product_cat":[65,66,70,77],"product_tag":[67,68,57,52,46,58],"class_list":{"0":"post-338","1":"product","2":"type-product","3":"status-publish","4":"has-post-thumbnail","6":"product_cat-biker","7":"product_cat-dark","8":"product_cat-saga","9":"product_cat-the-steel-lord","10":"product_tag-biker","11":"product_tag-dark-romance","12":"product_tag-drame","13":"product_tag-suspense","14":"product_tag-tortures","15":"product_tag-vengeance","17":"first","18":"instock","19":"taxable","20":"shipping-taxable","21":"purchasable","22":"product-type-simple"},"jetpack_sharing_enabled":true,"_links":{"self":[{"href":"https:\/\/chiaravalentin.ovh\/index.php\/wp-json\/wp\/v2\/product\/338","targetHints":{"allow":["GET"]}}],"collection":[{"href":"https:\/\/chiaravalentin.ovh\/index.php\/wp-json\/wp\/v2\/product"}],"about":[{"href":"https:\/\/chiaravalentin.ovh\/index.php\/wp-json\/wp\/v2\/types\/product"}],"replies":[{"embeddable":true,"href":"https:\/\/chiaravalentin.ovh\/index.php\/wp-json\/wp\/v2\/comments?post=338"}],"wp:featuredmedia":[{"embeddable":true,"href":"https:\/\/chiaravalentin.ovh\/index.php\/wp-json\/wp\/v2\/media\/339"}],"wp:attachment":[{"href":"https:\/\/chiaravalentin.ovh\/index.php\/wp-json\/wp\/v2\/media?parent=338"}],"wp:term":[{"taxonomy":"product_brand","embeddable":true,"href":"https:\/\/chiaravalentin.ovh\/index.php\/wp-json\/wp\/v2\/product_brand?post=338"},{"taxonomy":"product_cat","embeddable":true,"href":"https:\/\/chiaravalentin.ovh\/index.php\/wp-json\/wp\/v2\/product_cat?post=338"},{"taxonomy":"product_tag","embeddable":true,"href":"https:\/\/chiaravalentin.ovh\/index.php\/wp-json\/wp\/v2\/product_tag?post=338"}],"curies":[{"name":"wp","href":"https:\/\/api.w.org\/{rel}","templated":true}]}}