{"id":379,"date":"2026-03-06T18:13:00","date_gmt":"2026-03-06T18:13:00","guid":{"rendered":"https:\/\/chiaravalentin.ovh\/?post_type=product&#038;p=379"},"modified":"2026-03-06T18:17:51","modified_gmt":"2026-03-06T18:17:51","slug":"sang-pour-sang-the-steel-lord-vol-3","status":"publish","type":"product","link":"https:\/\/chiaravalentin.ovh\/index.php\/produit\/sang-pour-sang-the-steel-lord-vol-3\/","title":{"rendered":"Sang pour Sang &#8211; The Steel Lord vol.3"},"content":{"rendered":"<p><strong><em>The Steel Lord<\/em><\/strong><\/p>\n<p><span class=\"a-text-bold a-text-italic\">Ni piti\u00e9, ni pardon<\/span><\/p>\n<p>Betty dispara\u00eet. Le club br\u00fble.<br \/>\nLe sang appelle le sang.<\/p>\n<p>Motos sabot\u00e9es. Fr\u00e8res massacr\u00e9s.<br \/>\nQuelqu\u2019un a ouvert la porte de l\u2019int\u00e9rieur.<\/p>\n<p>Les Steel Lord traquent leurs ennemis, mais plus ils frappent, plus une v\u00e9rit\u00e9 d\u00e9rangeante s\u2019impose : ils ne chassent peut-\u00eatre pas le bon monstre.<\/p>\n<p>Dans ce monde de cuir, de poudre et de loyaut\u00e9 bris\u00e9e, la route m\u00e8ne toujours \u00e0 une seule issue.<\/p>\n<p>Et au bout, il n\u2019y a que des tombes.<\/p>\n","protected":false},"excerpt":{"rendered":"<p><strong data-start=\"102\" data-end=\"170\">Il est la menace qu\u2019on d\u00e9sire. Le danger qu\u2019on voudrait toucher.<\/strong><br data-start=\"170\" data-end=\"173\" \/>Smok\u2019, enforcer aussi implacable que sulfureux, r\u00e8gne par la peur et par le sang. Mais la trahison d\u2019Ilona ravive en lui un feu qu\u2019il croyait d\u00e9finitivement \u00e9teint.<br data-start=\"337\" data-end=\"340\" \/>Quand les secrets \u00e9clatent et que les masques tombent, le corps parle autant que la violence.<br data-start=\"433\" data-end=\"436\" data-is-only-node=\"\" \/>Entre passion brutale, tentation interdite et blessures \u00e0 vif, ce tome r\u00e9v\u00e8le un homme bris\u00e9\u2026 qui pourrait bien br\u00fbler tout ce qu\u2019il aime pour survivre.<\/p>\n","protected":false},"featured_media":380,"comment_status":"open","ping_status":"closed","template":"","meta":{"saved_in_kubio":false},"product_brand":[],"product_cat":[65,66,70,77],"product_tag":[67,68,57,52,46,58],"class_list":{"0":"post-379","1":"product","2":"type-product","3":"status-publish","4":"has-post-thumbnail","6":"product_cat-biker","7":"product_cat-dark","8":"product_cat-saga","9":"product_cat-the-steel-lord","10":"product_tag-biker","11":"product_tag-dark-romance","12":"product_tag-drame","13":"product_tag-suspense","14":"product_tag-tortures","15":"product_tag-vengeance","17":"first","18":"instock","19":"taxable","20":"shipping-taxable","21":"purchasable","22":"product-type-simple"},"jetpack_sharing_enabled":true,"_links":{"self":[{"href":"https:\/\/chiaravalentin.ovh\/index.php\/wp-json\/wp\/v2\/product\/379","targetHints":{"allow":["GET"]}}],"collection":[{"href":"https:\/\/chiaravalentin.ovh\/index.php\/wp-json\/wp\/v2\/product"}],"about":[{"href":"https:\/\/chiaravalentin.ovh\/index.php\/wp-json\/wp\/v2\/types\/product"}],"replies":[{"embeddable":true,"href":"https:\/\/chiaravalentin.ovh\/index.php\/wp-json\/wp\/v2\/comments?post=379"}],"wp:featuredmedia":[{"embeddable":true,"href":"https:\/\/chiaravalentin.ovh\/index.php\/wp-json\/wp\/v2\/media\/380"}],"wp:attachment":[{"href":"https:\/\/chiaravalentin.ovh\/index.php\/wp-json\/wp\/v2\/media?parent=379"}],"wp:term":[{"taxonomy":"product_brand","embeddable":true,"href":"https:\/\/chiaravalentin.ovh\/index.php\/wp-json\/wp\/v2\/product_brand?post=379"},{"taxonomy":"product_cat","embeddable":true,"href":"https:\/\/chiaravalentin.ovh\/index.php\/wp-json\/wp\/v2\/product_cat?post=379"},{"taxonomy":"product_tag","embeddable":true,"href":"https:\/\/chiaravalentin.ovh\/index.php\/wp-json\/wp\/v2\/product_tag?post=379"}],"curies":[{"name":"wp","href":"https:\/\/api.w.org\/{rel}","templated":true}]}}